t n(a) = a**3 - 7*a**2 + 2*a + 3. Let z(f) = 3*f**3 - 22*f**2 + 7*f + 8. Let b(h) = -7*n(h) + 2*z(h). Determine b(5).
-5
Let a(l) = l**2 - l + 1. Let u be a(2). Let t(r) = -6 - 2*r**2 - 14*r**3 + 15*r**u + r**2. What is t(0)?
-6
Let u(s) = -s**2 - 3*s + 21. Let c(f) = -f**2 - 3*f + 13. Let h(b) = -4*c(b) + 3*u(b). Determine h(0).
11
Let y(j) be the second derivative of -j**5/20 - j**4/6 + j**3/6 - 2*j**2 - 103*j. What is y(-3)?
2
Let n(s) = s**3 + 6*s**2 - 4*s + 3. Suppose -2*x - 8 + 26 = -3*i, 4*x - 12 = 2*i. What is n(i)?
27
Let p(o) = 4*o**3 + 5*o**2 - 4. Let g(x) = 4*x**3 + 4*x**2 - 3. Let n(z) = -5*g(z) + 4*p(z). Suppose -4*u + 0*u + 24 = 0. Let a = u + -5. Give n(a).
-5
Let t(q) = -8 + 6 + q**3 + 7. Let b = 0 + 0. Let k be t(b). Let p(w) = -w**3 + 5*w**2 - w - 7. What is p(k)?
-12
Let p(k) = 6*k**2 + 2*k + 1. Suppose 0 = 3*j + 7 - 13. Suppose -j*n + 6*n = 2*i + 6, -5*i + 9 = 2*n. Suppose 4*x = -5 + i. What is p(x)?
5
Let z(i) = i - 5. Let c be z(7). Let h(s) = 4*s**c + s**2 + s**2 + 5*s - 5*s**2. Let x(u) = u**3 - 7*u**2 + 6*u - 4. Let o be x(6). What is h(o)?
-4
Let j(y) be the second derivative of y**4/3 + 3*y**2/2 + y. Let f(t) = -4*t**2 - 4. Let l(q) = 4*f(q) + 5*j(q). Let p be (-2)/3 - (-5)/3. Calculate l(p).
3
Let x(b) be the third derivative of -b**5/60 + 7*b**4/24 - b**3/6 - 758*b**2. Let l(c) = c**3 - c**2 + 5. Let r be l(0). Calculate x(r).
9
Let r(t) be the first derivative of 1/2*t**4 - 5 - t + t**3 + 0*t**2. Suppose -583*o + 589*o = -12. Determine r(o).
-5
Let k(i) = i + 2 + 2 - 5 - 12*i**2. Let o be 5 + (-2)/(-2) + -3. Suppose 2*a = -4, -2*a - 3 = -o*x + 4. Determine k(x).
-12
Let z(o) = -60 + 5*o - 6*o + 48. What is z(-7)?
-5
Let x = -1538 + 1533. Let q(c) = -6*c + 6. What is q(x)?
36
Let x(y) be the second derivative of y**4/2 + y**3/6 - 3*y. Suppose 15*d = 6*d + 9. What is x(d)?
7
Let x = -20 - -12. Let z = x + 10. Let f(y) = 1 + y + y**2 + 3*y**2 - 3*y - z. Calculate f(2).
11
Suppose -20 = y + 2*z, -4*y - 105 = -3*z + 6*z. Let m be 3*-1 + y/(-6). Suppose -2 = -t + l - 12, t - m*l = -13. Let o(r) = 3*r + 10. Give o(t).
-11
Let f(n) = 11*n - 15. Let z(y) = -2*y. Let b(q) = f(q) + 6*z(q). Calculate b(-9).
-6
Let m(i) = 3*i**3 - 7*i**2 + 7*i - 7. Let y(a) = 10*a**3 - 21*a**2 + 22*a - 22. Let v(k) = -7*m(k) + 2*y(k). Calculate v(6).
11
Let l(y) be the first derivative of -y**2/2 + 18*y + 7. Let w be l(18). Let d(b) = b**2 + w*b + 3*b - 2*b. What is d(0)?
0
Let d(i) = -i**3 + 2*i**2 + 2. Let f be (-35)/(-21)*-3 + 8. Calculate d(f).
-7
Let i(k) = -k**3 - 2*k**2 - k + 4. Let w(p) = p - 1. Let g(m) = -i(m) - 2*w(m). Suppose 4*a - 2*a + 6 = 0. Calculate g(a).
-8
Let l(v) = -2*v - 62. Let b(k) = k**2 - 71*k - 488. Let p be b(-6). Determine l(p).
-10
Let l(p) = 2*p + 10. Let w(f) = -3*f - 19. Let n(u) = 7*l(u) + 4*w(u). Let h(z) = -6*z + 18. Let o(m) = -3*h(m) - 8*n(m). Let r be 2/11 + 272/(-44). Give o(r).
-18
Let m(f) = f**2 + f**2 - 3*f**2. Let h be (-33)/44 - (-54)/8. Suppose -1 + 7 = -h*o. What is m(o)?
-1
Let i(s) = 57*s - 2 - 58*s + 4. Let h(y) = -2 - 3*y + 4*y + 0*y. Let v(c) = -4*h(c) - 5*i(c). Give v(5).
3
Let y = 6 - 3. Let s(t) be the second derivative of -t**3/6 + 3*t**2/2 + 788*t. Calculate s(y).
0
Let s be 51/4 - (-2)/8. Let v = 19 - s. Let b(p) = -3 + v*p - 11*p + 4*p. Calculate b(0).
-3
Let d(j) be the first derivative of j**5/120 - 13*j**4/24 - 10*j**3/3 + 12. Let v(i) be the third derivative of d(i). Determine v(0).
-13
Let q(x) be the third derivative of 0*x + 1/6*x**3 + 0 - 13*x**2 - 17/24*x**4. Calculate q(1).
-16
Let v(o) = -o**2 - 2*o + 1. Let d be v(2). Let s(m) = 7*m - 1. Let u be (12/14)/((-5)/35). Let w(k) = -8*k + 2. Let y(p) = d*s(p) + u*w(p). Give y(6).
-11
Let w(j) be the first derivative of j**7/840 - j**6/40 + j**5/15 - j**4/6 + j**3 + 28. Let d(v) be the third derivative of w(v). Determine d(8).
-4
Let l(w) = 2*w - 4*w + 0*w + w - 2. Suppose -45 = 4*a - 45. Calculate l(a).
-2
Let l(r) = 240 + 147*r - 239 - 145*r. Give l(-4).
-7
Let i(o) = -o**2 - o - 1. Let l = -26 + 28. Let y(b) = 4*b - 4. Let t(d) = l*i(d) - y(d). Calculate t(-5).
-18
Suppose -2*l + 10 = 0, 5*j + 3*l + 130 = 8*l. Let y(v) = v**3 + 23*v**2 + 41*v - 27. Let g be y(j). Let o(i) = -i**3 - 5*i**2 + 8*i - 4. Determine o(g).
-16
Let o(x) = -3*x**2 - 2*x + 1. Let y(f) = f + 0*f - 6 - 14 + 8. Let q be y(5). Let r = q - -8. Determine o(r).
-4
Let i be (-15)/(-2) + 1/2. Let z(p) = p**2 - 28*p + 55. Let a be z(26). Let n(w) = a + 2 + i*w - 10*w. Determine n(-4).
13
Let q(k) = -k**2 - k + 7. Suppose -16*b = -6*b + 60. Give q(b).
-23
Let d(a) = -5*a - 5. Let j(b) = 6*b + 4. Let v(f) = 3*d(f) + 4*j(f). Calculate v(-1).
-8
Suppose 0 = -5*y + 3*f + 25 - 2, 15 = 5*y - 5*f. Let w(l) = -3*l**3 + 5*l**2 + 4. Let u(r) = -r**3 - r**2 + r + 1. Let p(v) = 2*u(v) - w(v). Calculate p(y).
12
Let a = 3 + -7. Let t be a/(-3)*(-12)/4. Let y(r) = r**2 + r**2 + 2*r**2 - 24*r - 3*r**2 + 28*r + 3. What is y(t)?
3
Let a(r) = -r - 2. Let o(g) = 11 + 14 - 24. Let t(m) = m**2 + 11*m + 9. Let j be t(-10). Let p(s) = j*a(s) - 6*o(s). Determine p(3).
-1
Let q(h) = -416 - h + 200 + 204. What is q(-11)?
-1
Let i(t) = -2*t**2 + t - 7. Let a(k) = -k**2 + 3*k + 1. Let w(u) = -a(u) + i(u). Calculate w(-5).
-23
Let p(h) = h**2 - 5*h + 3. Let y be 2 - 1 - (20/(-5))/4. Suppose 5*u = y*z + 9, -2*u + 5 = -z + 2. What is p(u)?
-3
Suppose -175 = 5*n + 5*z, n + 43 - 8 = -4*z. Let m = -36 - n. Let p(s) = 9*s**3. Calculate p(m).
-9
Let n(u) = 4 + 9*u - 2 - 3. Suppose -3*x - 11 - 4 = 0. Let f(o) = 2*o**3 + 9*o**2 - 5*o - 1. Let y be f(x). What is n(y)?
-10
Suppose -15 - 9 = -4*y. Let r(z) be the first derivative of 3/2*z**2 + 6*z - 1/3*z**3 - 9. Give r(y).
-12
Let z(k) be the second derivative of -k**3/6 + k**2/2 - k. Let b = -75 - -69. Let v be 9/(-3) - (b + 1 + 2). Calculate z(v).
1
Let u(r) = -r**2 + 25*r + 24. Let h be u(26). Let b(o) = -o**3 - 2*o**2 - o - 2. Calculate b(h).
0
Let b be -22*6/(-36) - (-1)/3. Let x(c) = c - b + 5*c - 32*c**3 + 31*c**3 - 5*c. Determine x(-3).
20
Let a(i) = 23*i + 10. Let n be a(2). Let g(p) = n*p + 50*p - 108*p. Calculate g(-3).
6
Suppose 0 = 2*j - w - 2*w + 7, -3*w = -5*j + 5. Suppose -a - 3*a = -j*b, 2*b = -8. Let n(t) = -t**2 - 5*t + 1. Determine n(a).
5
Let m(c) = 2*c - c + c**2 + 38*c**3 + 35*c**3 - 74*c**3 + 4. What is m(0)?
4
Let t(z) = -z**3 - 2*z**2 - 3. Let d(o) = 3*o**3 - o**2 - 2*o - 1. Let b be d(-1). Let m be t(b). Let s(u) = -3*u - 2 + u + m*u. Give s(2).
6
Let p(a) = -a**2 - 3*a - 1. Suppose 0 = -4*h + r + 2*r + 162, -32 = -h + 5*r. Let x be (-203)/h + (1 - 21/18). What is p(x)?
-11
Let j(d) = 3*d**2 - d + 9. Let x be 2/(-10) + (-63)/(-15). Let b(y) = 2*y**2 - y + 8. Let l(m) = x*b(m) - 3*j(m). Determine l(0).
5
Let f(c) = -7*c**2 + 3*c + 9. Suppose 15*g = 18*g - 15. Let z(d) = -10*d**2 + 4*d + 13. Let x(w) = g*z(w) - 7*f(w). Calculate x(-2).
0
Let r = 29 - 26. Let x(w) = 4*w**2 - 6*w + r - 3*w**2 + 4*w**2 - w**3 + 3. Give x(4).
-2
Let d(y) = -4*y. Let g be d(-1). Let k(q) = 2*q + 0*q**2 + 27 - 22 + 0*q**2 + g*q**2 + q**3. Let c be k(-4). Let l(n) = -n**2 - n - 3. Give l(c).
-9
Let j(m) = 16*m**2 - 14*m**2 - 7*m**2 + 2*m. Let g(a) = -3*a - 26. Let s be g(-8). Calculate j(s).
-24
Let t(g) = -3*g**3 + 1. Let b(m) = m - 4. Let r be b(6). Suppose 6*d = -2*c + r*d, -4*c + 28 = d. Suppose -11 - c = -4*v - 5*x, -5*v - x = -8. Give t(v).
-2
Let f(b) = -4*b. Suppose 1 - 5 = -c. Let w = 13 - c. Suppose -5*r + y = -w, 3*r + 1 = -2*y - 4. Give f(r).
-4
Let f(c) = -3*c - 2 + 6*c + 6*c + 8*c**2 + c**3. Let j be f(-7). Let p = -13 - j. Let r(i) = i**3 - 2*i**2 - 3*i - 4. Determine r(p).
-4
Let j(h) = 3 - 49*h + 21*h + h**2 + 0*h**2 + 26*h - 8. Give j(4).
3
Let j be 270/8 - (-4)/16. Let p = -34 + j. Let v(n) = n**3 + n + 1. Determine v(p).
1
Let d(m) be the second derivative of m**5/20 - m**4/3 - 2*m**3/3 - m**2 - 11*m + 1. Calculate d(4).
-18
Let y be (462/35)/11*5. Let n(p) = 7*p - 5. Let m(v) = -v. Let j(a) = 5*m(a) + n(a). Determine j(y).
7
Let c be (40/8)/5*2. Let t(o) = 4*o - 4. What is t(c)?
4
Let s(u) = -3*u - 12. Let b = -10 + 10. Suppose b = -0*z + 5*z + 5*w - 25, -2*z + 34 = -4*w. Let o(l) = l + 6. Let k(q) = z*o(q) + 4*s(q). Give k(5).
-9
Let a(x) = 4*x - x - x**2 + x - 4. Let h = 1411 + -1408. Calculate a(h).
-1
Suppose -f - 3 = -2*z